+ (-1 - -3) + 25. Suppose -2*a = -a - r. Suppose -5*j + 7*k = 2*k - a, 0 = 5*j - 2*k - 37. What is the remainder when 25 is divided by j?
7
Let y = 16 - 9. Suppose -37 + 102 = 5*j - m, -m - 23 = -2*j. Let s = j - y. Calculate the remainder when 12 is divided by s.
5
Calculate the remainder when (-3)/(4 - (-598)/(-148)) is divided by 19.
17
What is the remainder when ((-94)/(-5) - 8)*10/4 is divided by (0 - 14)/1*-1?
13
Suppose 8*l - 48 = 4*l. What is the remainder when l is divided by 7?
5
Suppose -5*o = -0*o - 3*s + 12, 0 = s - 4. Suppose -3*z - p + 35 = o, -3*z - 5*p - 53 = -7*z. What is the remainder when z is divided by 7?
5
Let l(j) = -3*j - 8. Let c(y) = -y - 1. Let s(k) = 2*c(k) - l(k). Calculate the remainder when 1 + ((-2)/(-2) - -7) is divided by s(0).
3
Let l(h) = -h**2 - 2*h + 6. Let x be l(5). Let c be (6 + 6)/((-6)/4). Let p = c - x. What is the remainder when p is divided by 11?
10
Let q(m) be the second derivative of -2*m - 7/6*m**3 + 0 - 1/20*m**5 + m**2 + 7/12*m**4. What is the remainder when q(5) is divided by 9?
8
What is the remainder when -2 + 3/((-12)/(-148)) is divided by 18?
17
Suppose -5*r + 5*o - o + 6 = 0, -3*r = -3*o - 6. Let g be (r - -4) + (1 - 2). Calculate the remainder when 14 is divided by (-1)/(g + 12/(-10)).
4
Suppose 2*l = -3*j + 15, 5*j - 5 = -2*l + 16. Suppose -l*r = -26 - 1. Let w = 20 - r. What is the remainder when 21 is divided by w?
10
Let z = -6 - -16. Let k(d) = -13*d. Let r be k(3). Let b = r + 57. Calculate the remainder when b is divided by z.
8
Calculate the remainder when (3 + -1)/((-18)/(-36)) is divided by 3.
1
Suppose 7*p - 19*p = -252. Let h = 143 - 81. What is the remainder when h is divided by p?
20
Let l(c) = -c**2 + 53. Calculate the remainder when l(0) is divided by 18.
17
Let m(r) = -r + 6. Let k be m(7). Let t be 0 - k - -2 - -1. Calculate the remainder when 42/t + 4/8 is divided by 4.
3
Let m = 430 + -253. What is the remainder when m is divided by 45?
42
Let w(s) = -2*s**3 - 2*s**2 - 2*s - 1. Let l be w(-1). Let h = l - -1. Suppose 0 = 5*t + 5 + 10, 5*t + 7 = -4*q. What is the remainder when h is divided by q?
0
Let w = -6 - -4. Calculate the remainder when (-61)/w - (-14)/(-28) is divided by 8.
6
Suppose -2*k + 60 = k + 4*l, -5*l = 0. Let n(y) = -15*y - 2. What is the remainder when n(-4) is divided by k?
18
Let r = -1 + 1. Suppose -5*a + 11 + 54 = r. Let k = 68 - 30. Calculate the remainder when k is divided by a.
12
Let m = 14 + -8. Calculate the remainder when 10 + 2/m*3 is divided by 4.
3
Let w(s) = -s**2 + s + 2970. Let b be w(0). What is the remainder when (-2)/(-7) + b/42 is divided by 18?
17
Let d = 4 + 57. Calculate the remainder when d is divided by 32.
29
Suppose -3*m - 5*g = -123, g = -5*m + 5*g + 205. What is the remainder when 202 is divided by m?
38
Suppose -4*x + 3*f = -0*x - 29, -11 = -2*x + 5*f. Let z(v) = 3*v - 5*v - x + v**2 - 4 - 7*v. Calculate the remainder when 17 is divided by z(11).
7
Suppose 5*o + o = 120. Let l(d) = d**3 - 4*d**2 + 3*d - 1. What is the remainder when o is divided by l(4)?
9
Suppose w - 10 = -3. Calculate the remainder when w is divided by 3.
1
Suppose t = -0*q + q - 4, -3*t - 2*q = -13. Calculate the remainder when 3/(-6)*-50*t is divided by (-1)/(2 + -1)*-13.
12
Let h(b) = -b**3 + 4*b**2 + 2*b - 1. Let s be h(2). Let d be 2/(-4)*64/(-4). Calculate the remainder when 29 is divided by 12/d*(-1 + s).
14
Let l = -11 + 8. Let j(p) = -3*p + 4. Calculate the remainder when 102/4 + (-7)/14 is divided by j(l).
12
Let j(z) = -17 + 2*z**2 + 14 + 6*z**2. Calculate the remainder when j(3) is divided by 18.
15
Let c(q) = -10*q + 12. Let s = 89 - 63. What is the remainder when c(-9) is divided by s?
24
Suppose 5*y - 134 = 51. Let k = y + -1. Let c = -10 + k. What is the remainder when c is divided by 14?
12
Suppose -2 = -l - w, -4*l - 12 = -0*w - w. Let m be l/(-4)*(-1 - -7). Suppose -m*i + 51 = -0*i. What is the remainder when 49 is divided by i?
15
Let l = 7 - -21. Suppose -2*h + 0*q = 3*q - 224, -h - 3*q + 115 = 0. Calculate the remainder when h is divided by l.
25
Let w(s) be the first derivative of s**3 - 2*s**2 + s - 2. Let j be w(5). Let g = j - 33. Calculate the remainder when g is divided by 12.
11
Suppose -3*p = -5*p + 312. Suppose 0*v - 3*v + p = 0. What is the remainder when v is divided by 18?
16
Suppose r + r - 4 = 0. Suppose 2*w + r*k = 0, 2 = 2*w + k - 2. Calculate the remainder when w is divided by 3.
1
Suppose -4*w - 187 = -7. Let x = -26 - w. Calculate the remainder when x is divided by 10.
9
What is the remainder when 28 is divided by 132/77*(-7)/(-2)?
4
Let n(o) = o**2 - 10*o - 16. Calculate the remainder when n(14) is divided by 11.
7
Let u = 41 + -16. Calculate the remainder when 98 is divided by u.
23
Let r = -2 + 5. Let i(t) = 5*t**2 - t - 1. Calculate the remainder when i(r) is divided by 14.
13
Suppose -w - 4*y = -113, 5*y = w - 136 - 13. Suppose -u + w = 2*u. Suppose -2*l + 39 = 3*v, -3*l + 6 + 0 = v. Calculate the remainder when u is divided by v.
13
Let a(c) = 2*c**2 - 29*c - 21. What is the remainder when 105 is divided by a(16)?
24
Let k = -22 + 37. Let q = 5 - 5. Suppose 39 = b + 4*g, 4*b + g - 5*g - 176 = q. Calculate the remainder when b is divided by k.
13
Suppose -4*f = -2*f - 102. Calculate the remainder when f is divided by 13.
12
Suppose -m = -2*m - 12. Suppose 8*j = 344 - 136. Let k = m + j. What is the remainder when k is divided by 5?
4
Let t be -1 - 1/((-1)/2). Suppose -2*f = -5*p - 17, -p = t - 0. What is the remainder when 15 is divided by f?
3
Let d(z) = -z**3 - 2*z**2 - 3*z - 2. Let y be (8/(-6))/(1/3). Calculate the remainder when d(y) is divided by 11.
9
Let g = 2 - -10. What is the remainder when 46 is divided by g?
10
Let k = 5 - -11. Calculate the remainder when 25 is divided by k.
9
Suppose 4*o = -2*g + 160, 4*o - g - 168 = -5*g. Suppose 10 + 6 = 4*r. Suppose r = 4*k - 2*k, 2*q - 5*k - 16 = 0. Calculate the remainder when o is divided by q.
12
Suppose 2*y + w - 8 = 0, -5*w = 3*y - 8*y + 20. Calculate the remainder when 29 is divided by 3*y - (2 + -5).
14
Suppose -2*f = -41 - 83. Calculate the remainder when f is divided by 32.
30
Suppose 5 = -5*a, 27 = l + 3*a - 0*a. Let n = l - -63. What is the remainder when n is divided by 24?
21
Let w(i) = 3*i - 7. Let v = 6 + 1. Calculate the remainder when 55 is divided by w(v).
13
Suppose -4*n = -12, -4*k + 37 + 28 = -5*n. Calculate the remainder when k is divided by 11.
9
Let z be 150/14 - 8/(-28). Let s = z - 2. Calculate the remainder when 25 is divided by s.
7
Let r be (26 - 0)/(15/30). Let i = r + -34. Suppose -5*v - 7 = -2, 3*g + 3*v = 153. What is the remainder when g is divided by i?
16
Suppose -4*w - 2 = 5*a, 2*w - 12 = a + 3*a. What is the remainder when (-12)/54 - (-526)/18 is divided by 59/4 + w/8?
14
What is the remainder when 144/(-40)*(-5 + 0) is divided by 5?
3
Suppose 31 = 11*y - 2. What is the remainder when y is divided by 0/(-1) - 1*-2?
1
Suppose 0 = -5*c + 15, -4*x - 5*c + 41 = -6. Suppose 9 = a - 3*o - x, -o - 25 = -a. What is the remainder when a is divided by 16?
13
Suppose 5*m - 37 = 13. What is the remainder when m is divided by 3?
1
Let w be (-1)/(3*4/(-24)). Suppose -w*z - z = -30. Calculate the remainder when z is divided by 6.
4
Let j be (-1)/(-3) - (-20)/3. Let k be (-12)/6*3/2. Let d = j - k. Calculate the remainder when d is divided by 4.
2
Suppose -5*g + 107 = -128. Calculate the remainder when g is divided by 4.
3
Let a = 103 - 49. Calculate the remainder when a is divided by 11.
10
Let i(v) = 6*v**2 - 2*v + 1. Let c be i(-2). Let t = -21 + c. What is the remainder when 23/((-3 - -8)/5) is divided by t?
7
Let l(n) = -n**3 - 7*n**2 - 8*n + 8. Let c(m) = 2*m**3 + 13*m**2 + 15*m - 17. Let h(f) = 2*c(f) + 5*l(f). What is the remainder when 85 is divided by h(-8)?
19
Let l be ((-64)/(-6))/((-1)/3). Let d = -16 - l. Suppose 0 = -r - 2 + d. What is the remainder when r is divided by 4?
2
Let q = 3 + 11. Calculate the remainder when 26 is divided by q.
12
Calculate the remainder when 44 is divided by -17*(30/(-12) - 6/(-4)).
10
Let s = 16 - 6. Suppose 3*b - 4 - 32 = 0. Suppose w - b = -w. What is the remainder when s is divided by w?
4
Suppose -g + 4*h + 58 = 0, -4*h = -3*g - 2*g + 226. Suppose 3*v - 90 = -0*v. Let i = g - v